, 3*r + 22 = -u + 63. Let f = 157 - u. What is the units digit of f?
5
Let n = -2316 - -3532. What is the thousands digit of n?
1
Let s(w) = -13*w**3 + 11*w**2 + 6*w + 35. What is the tens digit of s(-7)?
9
Let k(r) = 2*r**2 - 19*r + 7*r**2 + 8*r**2 - 6 - 18*r**2. What is the tens digit of k(-15)?
5
Let f(z) = -25*z + 23. Let s be 14/8*-8*8/16. What is the tens digit of f(s)?
9
Suppose 76*a - 166011 - 128489 = 0. What is the thousands digit of a?
3
Let t(j) = 34. Let c(b) = -b + 67. Let k(n) = -2*c(n) + 5*t(n). Let z be k(-16). Suppose -w = -3*y - 27, 5*y + 68 = z*w + 3*y. What is the tens digit of w?
1
Suppose 5*j - 8024 = -2*m, -2*m - j = -5680 - 2360. What is the thousands digit of m?
4
Suppose -69 = -0*o - o + 3*a, -o + 2*a + 74 = 0. Let v = o + 13. What is the tens digit of v?
9
Suppose -y - 6*s + s + 44 = 0, -5*s = -5*y + 100. Suppose -56 - y = -4*v. Suppose -v = -k + 16. What is the tens digit of k?
3
Suppose -j = 1 - 6. Suppose 50 = j*z + 10. What is the units digit of 45/6 + (-4)/z?
7
Let l(f) = 7*f**2 + 28*f - 124. What is the hundreds digit of l(15)?
8
Suppose -64*n + 114150 - 32742 = 0. What is the thousands digit of n?
1
Suppose -5*b - 160 + 175 = 0. Let c = 267 + -7. Suppose -l = b*l - c. What is the units digit of l?
5
Suppose 17*j = 27*j - 430. What is the tens digit of j?
4
Let s = 132 - 74. Suppose 2*h - 2*r = 46, -3*h + s - 5 = r. What is the tens digit of h?
1
Suppose -1239*l + 346 = -1238*l. What is the units digit of l?
6
Suppose 288 = 5*w - 52. Let o = -4 + w. What is the units digit of o?
4
Let g(j) = 28*j**2 + 38*j - 2. What is the tens digit of g(-5)?
0
Let d be -2 + -2*(4 + -6). Let t = 57 - 15. Suppose -k - d*m = k - t, -78 = -4*k - 2*m. What is the tens digit of k?
1
Suppose c = -2*a - 4*c + 13, 2*c = 3*a - 10. Suppose 0 = a*j - 53 + 145. What is the units digit of j/(-3) - 2/3?
7
Let t(d) = d + 62. Let c(b) = -4*b - 247. Let r(a) = 6*c(a) + 22*t(a). Let u(v) = -v - 39. Let z(l) = 2*r(l) - 7*u(l). What is the tens digit of z(0)?
3
Let q(n) = -4*n**2 - n + 2. Let r be q(-2). Let w be ((-2)/(-6))/(1/r). What is the units digit of (-1)/w + (-309)/(-12)?
6
Suppose -4*d + 8*d = -480. Let j be 1*d/(-2 - 0). Suppose -v = 4*v - j. What is the tens digit of v?
1
Suppose 2*a = 3*m + 7*a + 5, 3*m = a + 1. Suppose 2*z - 5*j + 24 = 0, m*z + z = 3*j - 10. Let r = -18 - z. What is the units digit of r?
4
Suppose -7*b = -4*c - 3*b + 72, -2*b = 2*c - 16. Let p(u) = u**3 + 7*u**2 + 3*u - 11. Let r be p(-3). Let a = c + r. What is the tens digit of a?
2
Let n(d) = d**2 - 4*d - 8. Let r be n(6). Suppose -3*a + r*a + 3 = 0. Let m(o) = -4*o - 1. What is the units digit of m(a)?
1
Suppose 34 = 4*p - 2*h + h, -h = 3*p - 29. Suppose 0*k - 45 = -p*k. What is the units digit of k?
5
Suppose 54*f - 49640 = 34*f. What is the tens digit of f?
8
Let x(i) = 7*i**2 - 9*i - 13. Let c(r) = 13*r**2 - 17*r - 25. Let y(f) = -6*c(f) + 11*x(f). Let b be y(0). Suppose 8*w - 18 = b*w. What is the units digit of w?
8
Suppose -3*s + 4*o + 1477 = 8*o, -4*s = 5*o - 1971. What is the units digit of s?
9
Let z(g) = 6*g**2 + 128*g + 75. What is the tens digit of z(-30)?
3
Let d(c) = 840*c - 7. What is the units digit of d(1)?
3
Let y(j) = -2*j - 23. Suppose -4*w = -4*z + 2*z - 36, -5*z = 5*w + 45. What is the units digit of y(z)?
1
What is the tens digit of 2/(3/4950*4)?
2
Suppose -8 - 4 = 4*a. Let i(v) = v**2 + 5*v + 2. Let x be i(a). What is the units digit of (-29)/(-2) - 2/x?
5
Let c = 18 + -54. Let y = 95 + c. What is the units digit of y?
9
Let d(m) = 3*m**3 - 3*m**2 - 12*m + 23. Let u(q) = -17*q - 29. Let n be u(-2). What is the hundreds digit of d(n)?
2
Let g be (-26)/(-7) - 12/(-42). Suppose -2*f - 70 = -g*f. What is the units digit of (3 - 3) + 4 + f?
9
Let o = -172 + 291. Let z be (-8)/(-52) + o/(-13). Let v = 14 + z. What is the units digit of v?
5
Let h(m) = -m**3 + 13*m**2 + 14*m + 2. Let g be h(14). Suppose w - g*v - 3*v - 78 = 0, 4*v = 5*w - 285. What is the units digit of w?
3
Suppose -5*j - 4*g = -4*j + 27, -10 = 2*g. Let r be (-3*1)/((-7)/j). Let o(h) = -h**3 - 3*h**2 + 4. What is the units digit of o(r)?
4
Suppose -7*s + 24 = -11*s. Let m(o) = -14*o + 21. What is the tens digit of m(s)?
0
Let d be (1/(3/(-534)))/(-2). Suppose -d = -2*z - i, 14 = -5*i - 1. What is the units digit of z?
6
Let r = 4 + -3. Let h be (-3)/(r/(-2 + -15)). Let y = h + -18. What is the units digit of y?
3
Let x(v) = 49*v + 61. What is the hundreds digit of x(15)?
7
What is the thousands digit of 30962/26 - 142/(-923)?
1
Let b = 554 + 210. What is the hundreds digit of b?
7
Let w = -448 + 799. Suppose -6*s = -1095 + w. What is the units digit of s?
4
Suppose 47*j + j - 161040 = 0. What is the hundreds digit of j?
3
Let m be ((-12)/(-40)*12)/((-1)/(-35)). Suppose 2*z - m = q, -2*q - 2 = -q. What is the tens digit of z?
6
Let o(j) = 11*j + 19. Let c be o(-7). Let q be 46/(-6) + (-2)/(-3). What is the units digit of c/(-10) - q/35?
6
What is the units digit of (0 - -1248) + 4 + 3?
5
What is the units digit of (-826)/6*(-2 - 19)/7?
3
Let a(o) = o**2 - 4*o + 3. Let b be a(4). Let g = -24 + 28. Suppose -b*m - g = -1, 2*m = -i + 18. What is the units digit of i?
0
Let m(v) = -81*v + 32. What is the tens digit of m(-4)?
5
Let q(t) = t**2 + 9*t + 12. Let s(g) = g**2 + 7*g. Let z be s(-5). What is the tens digit of q(z)?
2
Let w be -2 + 7 + -3 + (2 - 0). Suppose o - 792 + 231 = -4*p, -536 = -w*p + 4*o. What is the hundreds digit of p?
1
Suppose 0 = -4*q - 4*f, 4*q = -5*f - 3 - 2. Suppose -q*u = -2*u - 60. Suppose z - u = -z. What is the units digit of z?
0
What is the tens digit of 6 + -5 - 1580/(-2)?
9
What is the hundreds digit of 1601/4*(12 - (-5 + 13))?
6
Suppose -28 = -2*c + 5*x + 13, c = -3*x + 4. Suppose 8*i + 20 = c*i. What is the units digit of i?
4
Suppose 6*a + 7 - 13 = 0. What is the units digit of (-231)/(-14) + a/(-2)?
6
What is the units digit of ((-30)/12 + 6)/((-3)/(-1998))?
1
Let k(u) = u**3 + 9*u**2 + 2*u + 10. Let d be k(-9). Let g be (-147)/(-28) - (-2)/d. What is the tens digit of 1/g - 104/(-5)?
2
Let n = 50 - 20. Let r = 137 - 134. Suppose -r*q = 2*w - n, -w + 4*q = 2*w - 11. What is the units digit of w?
9
Let y = -2619 - -3790. What is the units digit of y?
1
What is the units digit of ((-2)/5)/((5/(-3400))/1)?
2
What is the tens digit of 1 + 419 - (-11 - (-22 + 11))?
2
Let v(g) = -149*g - 72. What is the tens digit of v(-7)?
7
Suppose 1392 - 12627 = -21*z. What is the units digit of z?
5
Suppose 2 = 5*m - 18. Suppose 0 = m*c + 4*z - 216, -2*c + 2*z = -139 + 43. Let i = 104 - c. What is the units digit of i?
3
Suppose -76 = t + t. Let w = 147 + t. Let i = -77 + w. What is the tens digit of i?
3
Suppose -14 = 10*c + 36. What is the hundreds digit of (8/(-2))/(c/255) - -3?
2
Let r(y) = -7*y**2 + 4*y**2 + 7*y**2 + 10 - 5*y**2 + 14*y. Suppose 0 = 2*t - 46 + 18. What is the tens digit of r(t)?
1
Suppose 4*m = -3*h + 5816, -8*m + h = -7*m - 1454. What is the tens digit of m?
5
Suppose -8*x + 4347 + 2613 = 0. What is the hundreds digit of x?
8
Suppose -3*m = 2*q - 3672 + 555, 0 = m + 3*q - 1039. What is the thousands digit of m?
1
Let f = 297 - 207. Let v = f - 59. Suppose -v = l - 2*l. What is the units digit of l?
1
Suppose 5*c + 2*h = 7*c - 706, c - 345 = -3*h. What is the tens digit of c?
5
Suppose -5*w + 17 = -x - 1, 2*x - 12 = -2*w. Let c(v) = -x*v - 25 + 50 - 11. What is the tens digit of c(-6)?
2
Let h(z) = z**3 - 4*z**2 + 2*z - 6. Let k be h(4). Let s be (-1 - -1) + (2 + -4 - -5). Suppose -75 = -s*r - k*r. What is the units digit of r?
5
Let a = 1064 + -278. What is the units digit of a?
6
Let b be 1 - (-6 + 3 + -5). Suppose 6*x = 21 + b. Suppose -2*p = 3*l + p - 198, 0 = -x*l + 3*p + 362. What is the tens digit of l?
7
Suppose 4*n = 4, -2*c + 59 = -0*c + 3*n. Suppose 3*j - 76 = -c. What is the units digit of j?
6
Let f = -848 - -4203. What is the tens digit of f?
5
Suppose -a + 2*f + 2453 = -404, -4*f + 8 = 0. What is the hundreds digit of a?
8
Suppose 11 + 109 = -5*t + 5*z, 0 = -t - 4*z - 4. Let q be t/20 + 1*5. What is the units digit of 63/q + (-15)/20?
5
Suppose -173*j = -5*d - 172*j + 12174, 0 = 4*d - 4*j - 9752. What is the tens digit of d?
3
Let s be 6/21 + (-104)/(-28). Suppose -6 = -s*p + 6. What is the units digit of (0 + p)/((-3)/(-6))